e 0 = -7*l + 29 + 6. Give b(l).
5
Suppose -2*n - 16 = -4*n. Let h(c) = -n - c + 22 - 13. Give h(2).
-1
Let a be (1 + -4 + 3)/1. Suppose a = 4*o - 12. Let y(g) = -g - 3*g**3 + g**3 - g**3 - g**2 + 4*g**o. Give y(0).
0
Suppose 0 = -11*f + 8*f. Suppose 3*n + 13 + 5 = f. Let d(c) = -5*c**2 + 15*c - 1. Let y(l) = 3*l**2 - 8*l. Let z(x) = -4*d(x) - 7*y(x). Determine z(n).
-8
Let d(h) be the first derivative of h**3/3 + 7*h**2/2 - 4*h - 86. Calculate d(-7).
-4
Let h(k) = -558651*k + 3*k**2 + k**2 + 558650*k. Let f be -2*2*(-6)/8. Suppose -f*p - 2*p - 2*s - 16 = 0, 3*p + 4*s = -18. Calculate h(p).
18
Let u(w) = 8*w. Let i(s) = 4*s - 10. Let p be i(4). Suppose p*b - 4 = 8. Let l be 4 - 6/(6/b). What is u(l)?
16
Suppose 51*a - 82*a + 496 = 0. Let o(r) = 2*r**2 - 34*r + 32. Calculate o(a).
0
Let s = -2 - -8. Let b(l) = -1 - 2*l**3 + s*l + 0*l**3 - 5*l**2 + l**3. Let d = -329 + 323. Give b(d).
-1
Let x(s) = 28*s + 47. Let v(n) = -5*n - 8. Let f(t) = 34*v(t) + 6*x(t). Suppose 4*r + q - 32 = 0, 0 = -q + 5*q. Calculate f(r).
-6
Let k(p) = -8*p - 1. Let v be -4*(6 - 78/12). Give k(v).
-17
Let l be (-3)/4*40/(-180). Let o(a) be the third derivative of 1/24*a**4 - 1/120*a**6 + 3*a**2 + 0*a + 0 + l*a**3 - 1/30*a**5. What is o(-3)?
7
Let d(v) = 5*v. Let z be (0 - -2 - 6)*(-9)/36. Determine d(z).
5
Let a = 10 - 16. Let l be (10/a)/((-5)/(-15) + 0). Let m(j) = j**3 + 6*j**2 + j - 5. What is m(l)?
15
Let b(w) = w**2 + 9*w - 13. Let g(x) = -10*x - 170. Let f be g(-16). What is b(f)?
-3
Let w(t) = 5*t - 31. Let x be 24/15 - 27/(-5). Calculate w(x).
4
Let f(d) = -2*d - 2. Suppose -465 = -5*p - 50. Let u = p - 89. Give f(u).
10
Let g(a) = a**3 - 11*a**2 - 15*a + 9. Let s(t) = t**2 + 18*t - 7. Let w be s(-19). Determine g(w).
-27
Let i(a) = -a**3 + 9*a**2 + 11*a - 6. Let b = -112 + 137. Suppose 3 = -5*x + 28, 2*g - b = -x. Calculate i(g).
4
Let s(t) = -t**3 - 4*t**2 + 3*t + 4. Let j be 7 + 428/(-60) + (-290)/75. What is s(j)?
-8
Let x(k) = k**3 - k. Let g(n) = 5*n**3 + 2*n**2 - 6*n + 4. Let r(s) = -s**3 + 11*s**2 + 2*s - 18. Let i be r(11). Let y(f) = i*x(f) - g(f). Determine y(-3).
-1
Let k(y) = -y**2 + 3 + 4*y - 12*y**3 + y**3 + 9*y**3 + 0*y. Give k(-2).
7
Suppose 926 = 11*n + 915. Let o(b) = -7*b**2 + b - 3. Give o(n).
-9
Let u(a) = 2*a**2 + a + 1. Let m be 3/3*2 - 0. What is u(m)?
11
Let h(l) = l**2 - 6*l + 4. Let r = 258 + -162. Let u be 5*(r/20)/6. Give h(u).
-4
Let i = -160 - -160. Let q(s) = -s**2 + s - 10. Determine q(i).
-10
Suppose j = 19*j - 54. Let r be 3 + 0 + 2/(-2). Let f(v) = -3*v + v**r - 3 + 1 - 2. Calculate f(j).
-4
Let t(r) = 3*r**2 - 7. Let l(m) = -m**2 - 1. Suppose 0 = 5*h + 3*g - 1, 5*g - 3*g - 9 = 5*h. Let a(v) = h*t(v) + 6*l(v). Suppose -2*p + 3 - 1 = 0. Give a(p).
-8
Let d(f) = 22*f + 22. Let x be ((-28)/10)/((-8)/20). Let s(c) = -7 - 5 - 2 - x*c + 7. Let g(a) = 5*d(a) + 16*s(a). Determine g(-2).
2
Let m(n) = n + 10. Let d be m(-8). Let w(p) = -5*p**2 + 1 + 10*p**2 - 6*p**d. Let f = 0 - 2. Calculate w(f).
-3
Let u(z) = -7*z**2 - 9*z - 3. Let p(c) = c**2 + c - 1. Let i(y) = -6*p(y) - u(y). Determine i(-6).
27
Suppose 33 = 4*v - 27. Let u = 25 - v. Let m = -11 + u. Let k(l) = 5*l**3 + l**2 - l - 1. Determine k(m).
-4
Let g(o) be the first derivative of -o**2/2 - 8*o + 11. Let a(t) = 2*t + 15. Let n(j) = -4*a(j) - 7*g(j). Calculate n(-4).
0
Let k(r) be the second derivative of r**5/20 + r**4/2 + r**3 + 3*r**2/2 + 27*r - 2. Determine k(-5).
-2
Let n(h) = 2*h - 3*h + 0 + 1. Let x(w) = w**3 - 5*w**2 - 23*w - 1. Let v be x(8). Determine n(v).
-6
Suppose 0 = 3*c + 2 - 17. Let g(a) be the third derivative of -a**6/120 + a**5/10 - a**4/8 - a**3/2 + 5*a**2. Give g(c).
7
Suppose -5*j + 16 + 9 = 0. Suppose -6 = 3*z + 5*i - 15, z = i - j. Let w = z - 4. Let h(u) = u**3 + 7*u**2 + 7*u. Calculate h(w).
-6
Let s(l) = 4*l**2 - 4*l - 3. Suppose -18 = 4*j + 2*g, 5*j = -0*g - 4*g - 21. Let r(o) = -3*o**2 + 4*o + 2. Let c(y) = j*r(y) - 4*s(y). Give c(-5).
-3
Let x be -7 - (4 - 8)/4. Let k(d) be the second derivative of -d**5/20 - d**4/2 + d. Calculate k(x).
0
Let p(f) = -f**2 - 10*f - 17. Let l be p(-7). Let q(t) = -t**3 + 0 + 2 - 4*t + 7*t - 6*t**2 + l*t. Determine q(-7).
2
Let v(s) be the first derivative of 0*s**2 - 5/6*s**3 + 5*s - 2 + 1/20*s**5 - 5/12*s**4. Let p(f) be the first derivative of v(f). Give p(6).
6
Let o(n) = -3*n**3 + n**2 + 5*n - 5. Let m(p) = -16*p**3 + 4*p**2 + 26*p - 26. Let r(u) = 2*m(u) - 11*o(u). Let y be (6/4)/((-6)/(-16)). Calculate r(y).
7
Let h(f) = 9*f**3 - 2*f + 4. Let r(w) = w**3 + w**2 + w + 1. Let p(a) = -h(a) + r(a). Let u(d) = -d**3 + d - 1. Let g(b) = p(b) - 3*u(b). What is g(1)?
-4
Let d = -86 + 26. Let k be (-200)/d*(-3)/2. Let a(j) = j**2 + 6*j - 1. What is a(k)?
-6
Let o(s) = 5*s**2 - 2*s + 4. Let q(y) = 4*y**2 - y + 3. Let d(p) = 5*o(p) - 6*q(p). Suppose 4*i - 10*i + 24 = 0. What is d(i)?
2
Let n be (-1)/2 + 2 + (-39)/(-2). Let r = -19 + n. Let w(y) = 1 + 1 - 4*y - 3*y. Give w(r).
-12
Let b(p) = -p**2 + 7*p - 2. Suppose 0 = 4*c - 5*t - 24, 5*c + t - 12 = 18. Give b(c).
4
Suppose h - 2*x - 4 = 0, x - 3 = -h - 2. Let p be 3/(-2)*(-4)/12*10. Suppose 4*y - 10 = 4*v + h, -19 = -y + p*v. Let g(b) = -9*b. Give g(y).
9
Let r(w) = w**3 + 6. Let o be r(0). Suppose 4 = -q + o. Let x(v) = v**2 + 2*v**3 + q - v**2 + v**2 - v. What is x(-2)?
-8
Suppose q - 4*d + 4 = -11, -3*d + 6 = 0. Let w(r) = 8*r - 2*r**2 - 4*r - 10 + r + 3*r**2. What is w(q)?
4
Suppose 23*w = 18*w + 20. Let p(j) = j**2 - 2*j + 1. Calculate p(w).
9
Let f(w) be the first derivative of -w**4/4 - 14*w**3/3 - 11*w**2/2 + 21*w + 34. Let d be f(-13). Let a(p) = 3*p - 5. Calculate a(d).
-20
Suppose -23*o = -25*o + 6. Let t(a) = -a**3 - 5*a**2 - a + 2. Let f(b) = -b**3 - 5*b**2 - b + 3. Let h(s) = o*f(s) - 4*t(s). Calculate h(-5).
-4
Suppose 22*m - 3*m = 76. Suppose -n + m = 4*p + 3, -2*n + 7 = 3*p. Let r(y) = 18*y**3 + 2*y**2 + 2*y + 1. Give r(p).
-17
Let z(d) = 2*d**2 + 16*d - 14. Let r = -333 - -324. What is z(r)?
4
Let a(c) = -2*c + 1. Suppose 13*p + 6 + 46 = 0. What is a(p)?
9
Let j(i) be the first derivative of -i**6/120 + i**5/60 + i**4/12 - i**3/6 + 5*i**2/2 + 7. Let k(p) be the second derivative of j(p). Calculate k(3).
-13
Let z(q) = 3*q**2 - 6*q + 17. Let n(d) = d**2 - 2*d + 6. Let r = 58 + -64. Let h(j) = r*z(j) + 17*n(j). Determine h(2).
0
Let x be -3 + ((-4)/(-5) - (-12)/60). Let b(v) = 3*v**3. Calculate b(x).
-24
Let a(l) = -l**3 - 6*l**2 - 6*l - 4. Let s(o) = 5*o**2 - 32*o + 7. Let p be s(6). What is a(p)?
1
Let p = -367 - -364. Let i(o) = -2*o**3 - 3*o**2 + o + 2. Calculate i(p).
26
Let o(g) = -g**2 - 6*g - 2. Let t(l) = l**3 + 9*l**2 + 8*l - 6. Let x(a) = a**2 - 11*a + 9. Let m be x(8). Let u = 7 + m. Let y be t(u). Calculate o(y).
-2
Let f(o) be the second derivative of -11*o**3/6 + o**2/2 - 54*o + 2. Let v(n) = n**2 + 2*n - 1. Let q be v(-2). Calculate f(q).
12
Let p(l) be the second derivative of 34*l + 0 + 1/2*l**2 + 2/3*l**3. What is p(-2)?
-7
Let a(g) be the third derivative of g**5/60 - 3*g**4/8 - g**3 + 189*g**2. Calculate a(10).
4
Let o(h) = h**2 + 3*h + 2. Suppose g - 6 - 4 = 0. Suppose 5*x + g = -0*x. Let y be o(x). Let s(i) = -i + 5. Give s(y).
5
Let z(d) = -d**3 - 8*d**2 - d + 6. Let p = 178 + -186. Give z(p).
14
Let c(a) = -a**3 + 26*a**2 + 26*a + 29. Let k be c(27). Let r(g) be the first derivative of 1/2*g**k + 1/3*g**3 - g - 3/4*g**4 - 6. Give r(1).
-2
Let u(x) be the first derivative of -x**3/3 - 5*x**2 - 18*x + 240. What is u(-7)?
3
Suppose -5*q + 10 = -6*p + 2*p, -5*p - 5*q = -10. Let h(m) = m**2 + 3. Calculate h(p).
3
Let p(z) = -z**2 + 5*z + 4. Suppose 5*v - 3*v = 10. Suppose 6*y - 21 + 45 = 0. Let b(u) = -u**2 + 4*u + 4. Let q(g) = v*b(g) + y*p(g). Give q(3).
-5
Let x(d) be the first derivative of -d**2/2 - 4*d + 9. Let q(g) = 2*g + 8. Let j = 10 - 17. Let r be q(j). What is x(r)?
2
Suppose q + t - 1 = -0, q + 5*t - 1 = 0. Let g be (-90)/(-40) + q/(-4). Let v(i) = 29*i. Let k(r) = 10*r. Let j(w) = -17*k(w) + 6*v(w). Give j(g).
8
Let o(d) = d**3 - 8*d**2 + 5*d + 15. Let y be o(7). Let h(k) = 4*k - k - y + 2*k - 6*k. Suppose f = -3*x - 10, 2*x - 3*f + 9 = -16. Calculate h(x).
4
Let i(m) be the first derivative of m**3/3 + 2*m**2 + 3*m + 453. What is i(-6)?
15
Let z(r) = -13*r + 9. Let x(k) = 11*k - 8. Let o(i) = 7*x(i) + 6*z(i). Giv